{"id":2,"date":"2020-04-30T15:45:51","date_gmt":"2020-04-30T15:45:51","guid":{"rendered":"http:\/\/staging.visalpin.ro\/?page_id=2"},"modified":"2024-09-18T16:33:04","modified_gmt":"2024-09-18T16:33:04","slug":"termeni-si-conditii","status":"publish","type":"page","link":"https:\/\/visalpin.ro\/index.php\/termeni-si-conditii\/","title":{"rendered":"Termeni si conditii"},"content":{"rendered":"\n\t<section class=\"section\" id=\"section_2008827533\">\n\t\t<div class=\"section-bg fill\" >\n\t\t\t\t\t\t\t\t\t\n\t\t\t\n\n\t\t<\/div>\n\n\t\t\n\n\t\t<div class=\"section-content relative\">\n\t\t\t\n<div class=\"row\"  id=\"row-909285844\">\n\n\t<div id=\"col-576173683\" class=\"col small-12 large-12\"  >\n\t\t\t\t<div class=\"col-inner\"  >\n\t\t\t\n\t\t\t\n<ol>\n<li><strong>REZERVARI SI CAZARE<\/strong><\/li>\n<\/ol>\n<p>Pentru ca eforturile noastre de a va asigura cele mai bune conditii de cazare, confort si intimitate sa fie pastrate va rugam sa tratati cu grija dotarile si ambianta spatiilor pensiunii.<\/p>\n<p>Rezervarile sunt considerate a fi ferme doar dupa achitarea unui avans de minim\u00a050%\u00a0din valoarea totala a pachetelor de cazare solicitate.<\/p>\n<p>Pentru rezervarile efectuate de grupuri (de la doua camere in plus), in caz de anulare a rezervarii:<\/p>\n<ol>\n<li>a) efectuata cu o perioada de 7-0 zile inainte de intrare datoreaza in intregime costul sejurului;<\/li>\n<li>b) efectuata cu o perioada de 21- 7 zile inainte de intrare se pierde 50% din costul sejurului;<\/li>\n<li>c) efectuata cu o perioada de peste 21 de zile inainte de intrare se restituie in intregime sumele achitate fara ca turistul sa sufere vreo penalizare;<\/li>\n<\/ol>\n<p>Pentru rezervarile efectuate de persoane individuale, in caz de anulare a rezervarii:<\/p>\n<ol>\n<li>a) efectuata cu o perioada de 7-0 zile inainte de intrare se pierde in intregime costul sejurului;<\/li>\n<li>b) efectuata cu o perioada de 21- 7 zile inainte de intrare se pierde 50% din costul sejurului;<\/li>\n<li>c) efectuata cu o perioada de peste 21 de zile inainte de intrare se restituie in intregime sumele achitate, fara ca turistul sa sufere vreo penalizare;<\/li>\n<li><strong>B) REZERV\u0102RI ONLINE:<\/strong><\/li>\n<li><strong>Efectuarea rezervarii online<\/strong><\/li>\n<\/ol>\n<p>1.1. Prin efectuarea unei rezerv\u0103ri online pe site-ul nostru, sunte\u021bi de acord s\u0103 respecta\u021bi toti termenii \u0219i condi\u021biile men\u021bionate aici.<\/p>\n<p>1.2. Toate rezerv\u0103rile online sunt supuse disponibilit\u0103\u021bii. V\u0103 recomand\u0103m s\u0103 verifica\u021bi disponibilitatea camerei sau unit\u0103\u021bii de cazare dorite \u00eenainte de a face o rezervare.<\/p>\n<p>1.3. V\u0103 rug\u0103m s\u0103 furniza\u021bi informa\u021bii corecte \u0219i complete \u00een timpul procesului de rezervare. Pensiunea noastr\u0103 nu \u00ee\u0219i asum\u0103 responsabilitatea pentru rezerv\u0103rile cu date de contact incorecte sau incomplete.<\/p>\n<ol start=\"2\">\n<li><strong>Confirmarea Rezerv\u0103rii:<\/strong><\/li>\n<\/ol>\n<p>2.1. Dup\u0103 finalizarea procesului de rezervare online, ve\u021bi primi o confirmare automat\u0103 pe adresa dvs. de e-mail. Aceasta va include detaliile rezerv\u0103rii, inclusiv pre\u021bul total \u0219i datele de check-in\/check-out.<\/p>\n<p>2.2. Confirmarea rezerv\u0103rii nu reprezint\u0103 o garan\u021bie a disponibilit\u0103\u021bii camerei p\u00e2n\u0103 c\u00e2nd plata a fost procesat\u0103.<\/p>\n<ol start=\"3\">\n<li><strong>Pl\u0103\u021bi Online cu PayPal:<\/strong><\/li>\n<\/ol>\n<p>3.1. Accept\u0103m pl\u0103\u021bi online pentru rezerv\u0103rile f\u0103cute pe site-ul nostru.<\/p>\n<p>3.2. Pl\u0103\u021bile online sunt securizate \u0219i pot fi efectuate direct de pe site-ul nostru. Informa\u021biile dvs. financiare nu vor fi partajate cu pensiunea noastr\u0103.<\/p>\n<p>3.3. Plata integral\u0103 sau o parte a acesteia, \u00een func\u021bie de politicile noastre de plat\u0103, trebuie s\u0103 fie efectuat\u0103 pentru a confirma rezervarea.<\/p>\n<p>3.4. Pentru a v\u0103 oferi o experien\u021b\u0103 convenabil\u0103 \u0219i flexibil\u0103, avem bucuria de a accepta cardurile de vacan\u021b\u0103 Sodexo ca form\u0103 de plat\u0103. V\u0103 pute\u021bi bucura astfel de facilit\u0103\u021bile noastre cu u\u0219urin\u021b\u0103.<\/p>\n<p>3.5. Pentru a face rezerv\u0103ri sau pentru a achita sejurul cu cardurile de vacan\u021b\u0103 Sodexo, v\u0103 rug\u0103m s\u0103 contacta\u021bi echipa noastr\u0103 la adresa: judetul Cluj, comuna Belis, sat Belis nr. 426D, telefon:<\/p>\n<p>+40 744 354135, site Web:\u00a0\u00a0<a href=\"http:\/\/www.pensiunealpinbelis.ro\/\">www.visalpin.ro<\/a>.<\/p>\n<p>3.6. V\u0103 rug\u0103m s\u0103 re\u021bine\u021bi c\u0103 utilizarea cardurilor de vacan\u021b\u0103 Sodexo este supus\u0103 regulilor \u0219i condi\u021biilor impuse de Sodexo. Asigura\u021bi-v\u0103 c\u0103 sunte\u021bi familiarizat cu aceste reguli \u00eenainte de a efectua o plat\u0103.<\/p>\n<ol start=\"4\">\n<li><strong>Confiden\u021bialitate \u0219i Securitate:<\/strong><\/li>\n<\/ol>\n<p>4.1. Informa\u021biile dvs. personale sunt protejate de politica noastr\u0103 de confiden\u021bialitate. Datele financiare furnizate pentru pl\u0103\u021bi online sunt securizate \u0219i confiden\u021biale.<\/p>\n<ol start=\"5\">\n<li><strong>Legisla\u021bie Aplicabil\u0103:<\/strong><\/li>\n<\/ol>\n<p>5.1. Toate rezerv\u0103rile \u0219i pl\u0103\u021bile online sunt supuse legislatiei romane.<\/p>\n\t\t<\/div>\n\t\t\t\t\t<\/div>\n\n\t\n<\/div>\n\t\t<\/div>\n\n\t\t\n<style>\n#section_2008827533 {\n  padding-top: 60px;\n  padding-bottom: 60px;\n}\n<\/style>\n\t<\/section>\n\t\n","protected":false},"excerpt":{"rendered":"","protected":false},"author":1,"featured_media":0,"parent":0,"menu_order":0,"comment_status":"closed","ping_status":"closed","template":"page-blank.php","meta":{"footnotes":""},"class_list":["post-2","page","type-page","status-publish","hentry"],"yoast_head":"<!-- This site is optimized with the Yoast SEO plugin v25.3.1 - https:\/\/yoast.com\/wordpress\/plugins\/seo\/ -->\n<title>Termeni si conditii - Pensiunea Vis Alpin Belis<\/title>\n<meta name=\"robots\" content=\"index, follow, max-snippet:-1, max-image-preview:large, max-video-preview:-1\" \/>\n<link rel=\"canonical\" href=\"https:\/\/visalpin.ro\/index.php\/termeni-si-conditii\/\" \/>\n<meta property=\"og:locale\" content=\"ro_RO\" \/>\n<meta property=\"og:type\" content=\"article\" \/>\n<meta property=\"og:title\" content=\"Termeni si conditii - Pensiunea Vis Alpin Belis\" \/>\n<meta property=\"og:url\" content=\"https:\/\/visalpin.ro\/index.php\/termeni-si-conditii\/\" \/>\n<meta property=\"og:site_name\" content=\"Pensiunea Vis Alpin Belis\" \/>\n<meta property=\"article:publisher\" content=\"https:\/\/www.facebook.com\/pensiunebelis.ro\" \/>\n<meta property=\"article:modified_time\" content=\"2024-09-18T16:33:04+00:00\" \/>\n<meta name=\"twitter:card\" content=\"summary_large_image\" \/>\n<meta name=\"twitter:site\" content=\"@vis_alpin\" \/>\n<meta name=\"twitter:label1\" content=\"Timp estimat pentru citire\" \/>\n\t<meta name=\"twitter:data1\" content=\"3 minute\" \/>\n<script type=\"application\/ld+json\" class=\"yoast-schema-graph\">{\"@context\":\"https:\/\/schema.org\",\"@graph\":[{\"@type\":\"WebPage\",\"@id\":\"https:\/\/visalpin.ro\/index.php\/termeni-si-conditii\/\",\"url\":\"https:\/\/visalpin.ro\/index.php\/termeni-si-conditii\/\",\"name\":\"Termeni si conditii - Pensiunea Vis Alpin Belis\",\"isPartOf\":{\"@id\":\"https:\/\/visalpin.ro\/#website\"},\"datePublished\":\"2020-04-30T15:45:51+00:00\",\"dateModified\":\"2024-09-18T16:33:04+00:00\",\"breadcrumb\":{\"@id\":\"https:\/\/visalpin.ro\/index.php\/termeni-si-conditii\/#breadcrumb\"},\"inLanguage\":\"ro-RO\",\"potentialAction\":[{\"@type\":\"ReadAction\",\"target\":[\"https:\/\/visalpin.ro\/index.php\/termeni-si-conditii\/\"]}]},{\"@type\":\"BreadcrumbList\",\"@id\":\"https:\/\/visalpin.ro\/index.php\/termeni-si-conditii\/#breadcrumb\",\"itemListElement\":[{\"@type\":\"ListItem\",\"position\":1,\"name\":\"Prima pagin\u0103\",\"item\":\"https:\/\/visalpin.ro\/\"},{\"@type\":\"ListItem\",\"position\":2,\"name\":\"Termeni si conditii\"}]},{\"@type\":\"WebSite\",\"@id\":\"https:\/\/visalpin.ro\/#website\",\"url\":\"https:\/\/visalpin.ro\/\",\"name\":\"Pensiunea Vis Alpin Belis\",\"description\":\"\",\"publisher\":{\"@id\":\"https:\/\/visalpin.ro\/#organization\"},\"potentialAction\":[{\"@type\":\"SearchAction\",\"target\":{\"@type\":\"EntryPoint\",\"urlTemplate\":\"https:\/\/visalpin.ro\/?s={search_term_string}\"},\"query-input\":{\"@type\":\"PropertyValueSpecification\",\"valueRequired\":true,\"valueName\":\"search_term_string\"}}],\"inLanguage\":\"ro-RO\"},{\"@type\":\"Organization\",\"@id\":\"https:\/\/visalpin.ro\/#organization\",\"name\":\"Pensiunea Vis Alpin Belis\",\"url\":\"https:\/\/visalpin.ro\/\",\"logo\":{\"@type\":\"ImageObject\",\"inLanguage\":\"ro-RO\",\"@id\":\"https:\/\/visalpin.ro\/#\/schema\/logo\/image\/\",\"url\":\"https:\/\/visalpin.ro\/wp-content\/uploads\/2020\/05\/logo-pensiunea-alpin-c9_Vis-BT2-antet.png\",\"contentUrl\":\"https:\/\/visalpin.ro\/wp-content\/uploads\/2020\/05\/logo-pensiunea-alpin-c9_Vis-BT2-antet.png\",\"width\":3308,\"height\":1437,\"caption\":\"Pensiunea Vis Alpin Belis\"},\"image\":{\"@id\":\"https:\/\/visalpin.ro\/#\/schema\/logo\/image\/\"},\"sameAs\":[\"https:\/\/www.facebook.com\/pensiunebelis.ro\",\"https:\/\/x.com\/vis_alpin\",\"https:\/\/www.instagram.com\/vis.alpin\/\",\"https:\/\/www.youtube.com\/channel\/UC9ww565y7GPfXiIYRwDR1Nw\"]}]}<\/script>\n<!-- \/ Yoast SEO plugin. -->","yoast_head_json":{"title":"Termeni si conditii - Pensiunea Vis Alpin Belis","robots":{"index":"index","follow":"follow","max-snippet":"max-snippet:-1","max-image-preview":"max-image-preview:large","max-video-preview":"max-video-preview:-1"},"canonical":"https:\/\/visalpin.ro\/index.php\/termeni-si-conditii\/","og_locale":"ro_RO","og_type":"article","og_title":"Termeni si conditii - Pensiunea Vis Alpin Belis","og_url":"https:\/\/visalpin.ro\/index.php\/termeni-si-conditii\/","og_site_name":"Pensiunea Vis Alpin Belis","article_publisher":"https:\/\/www.facebook.com\/pensiunebelis.ro","article_modified_time":"2024-09-18T16:33:04+00:00","twitter_card":"summary_large_image","twitter_site":"@vis_alpin","twitter_misc":{"Timp estimat pentru citire":"3 minute"},"schema":{"@context":"https:\/\/schema.org","@graph":[{"@type":"WebPage","@id":"https:\/\/visalpin.ro\/index.php\/termeni-si-conditii\/","url":"https:\/\/visalpin.ro\/index.php\/termeni-si-conditii\/","name":"Termeni si conditii - Pensiunea Vis Alpin Belis","isPartOf":{"@id":"https:\/\/visalpin.ro\/#website"},"datePublished":"2020-04-30T15:45:51+00:00","dateModified":"2024-09-18T16:33:04+00:00","breadcrumb":{"@id":"https:\/\/visalpin.ro\/index.php\/termeni-si-conditii\/#breadcrumb"},"inLanguage":"ro-RO","potentialAction":[{"@type":"ReadAction","target":["https:\/\/visalpin.ro\/index.php\/termeni-si-conditii\/"]}]},{"@type":"BreadcrumbList","@id":"https:\/\/visalpin.ro\/index.php\/termeni-si-conditii\/#breadcrumb","itemListElement":[{"@type":"ListItem","position":1,"name":"Prima pagin\u0103","item":"https:\/\/visalpin.ro\/"},{"@type":"ListItem","position":2,"name":"Termeni si conditii"}]},{"@type":"WebSite","@id":"https:\/\/visalpin.ro\/#website","url":"https:\/\/visalpin.ro\/","name":"Pensiunea Vis Alpin Belis","description":"","publisher":{"@id":"https:\/\/visalpin.ro\/#organization"},"potentialAction":[{"@type":"SearchAction","target":{"@type":"EntryPoint","urlTemplate":"https:\/\/visalpin.ro\/?s={search_term_string}"},"query-input":{"@type":"PropertyValueSpecification","valueRequired":true,"valueName":"search_term_string"}}],"inLanguage":"ro-RO"},{"@type":"Organization","@id":"https:\/\/visalpin.ro\/#organization","name":"Pensiunea Vis Alpin Belis","url":"https:\/\/visalpin.ro\/","logo":{"@type":"ImageObject","inLanguage":"ro-RO","@id":"https:\/\/visalpin.ro\/#\/schema\/logo\/image\/","url":"https:\/\/visalpin.ro\/wp-content\/uploads\/2020\/05\/logo-pensiunea-alpin-c9_Vis-BT2-antet.png","contentUrl":"https:\/\/visalpin.ro\/wp-content\/uploads\/2020\/05\/logo-pensiunea-alpin-c9_Vis-BT2-antet.png","width":3308,"height":1437,"caption":"Pensiunea Vis Alpin Belis"},"image":{"@id":"https:\/\/visalpin.ro\/#\/schema\/logo\/image\/"},"sameAs":["https:\/\/www.facebook.com\/pensiunebelis.ro","https:\/\/x.com\/vis_alpin","https:\/\/www.instagram.com\/vis.alpin\/","https:\/\/www.youtube.com\/channel\/UC9ww565y7GPfXiIYRwDR1Nw"]}]}},"_links":{"self":[{"href":"https:\/\/visalpin.ro\/index.php\/wp-json\/wp\/v2\/pages\/2"}],"collection":[{"href":"https:\/\/visalpin.ro\/index.php\/wp-json\/wp\/v2\/pages"}],"about":[{"href":"https:\/\/visalpin.ro\/index.php\/wp-json\/wp\/v2\/types\/page"}],"author":[{"embeddable":true,"href":"https:\/\/visalpin.ro\/index.php\/wp-json\/wp\/v2\/users\/1"}],"replies":[{"embeddable":true,"href":"https:\/\/visalpin.ro\/index.php\/wp-json\/wp\/v2\/comments?post=2"}],"version-history":[{"count":4,"href":"https:\/\/visalpin.ro\/index.php\/wp-json\/wp\/v2\/pages\/2\/revisions"}],"predecessor-version":[{"id":5002,"href":"https:\/\/visalpin.ro\/index.php\/wp-json\/wp\/v2\/pages\/2\/revisions\/5002"}],"wp:attachment":[{"href":"https:\/\/visalpin.ro\/index.php\/wp-json\/wp\/v2\/media?parent=2"}],"curies":[{"name":"wp","href":"https:\/\/api.w.org\/{rel}","templated":true}]}}